(base 15) in base 2?
1010010000110000
Convert -4121 (base 11) to base 10.
-5468
What is -23104 (base 5) in base 9?
-2237
Convert 8a (base 16) to base 14.
9c
Convert -663 (base 12) to base 16.
-3ab
What is 11007 (base 9) in base 12?
4281
What is 305224 (base 7) in base 12?
262a4
Convert 100023132 (base 4) to base 5.
4110040
Convert 115 (base 12) to base 7.
320
What is 1201102 (base 4) in base 15?
1ca1
6540 (base 10) to base 11
4a06
Convert 5575 (base 8) to base 9.
4027
What is -13555 (base 9) in base 4?
-2033303
Convert -3800 (base 16) to base 7.
-56540
-22110200 (base 3) to base 8
-14036
Convert -381 (base 15) to base 13.
-493
Convert -52554 (base 7) to base 6.
-140023
71 (base 9) to base 14
48
-599 (base 16) to base 11
-1093
-1369 (base 11) to base 15
-7ce
221 (base 12) to base 6
1241
What is -1043 (base 6) in base 14?
-135
What is 20000 (base 3) in base 9?
200
What is 8408 (base 9) in base 2?
1100000010100
What is -a5b2 (base 13) in base 3?
-1011111101
What is -5004 (base 6) in base 13?
-655
-741 (base 11) to base 9
-1201
9989 (base 12) to base 2
100001000111001
Convert -22004 (base 5) to base 13.
-8b9
-1765 (base 9) to base 3
-1212012
-5c99 (base 16) to base 6
-301425
What is 120332 (base 4) in base 16?
63e
What is -269 (base 11) in base 9?
-382
What is 597 (base 12) in base 16?
343
Convert -11402 (base 5) to base 6.
-3540
Convert -10467 (base 11) to base 7.
-62211
-4242 (base 8) to base 9
-3025
Convert -11210002 (base 3) to base 6.
-24045
-6302 (base 9) to base 5
-121434
Convert -414331 (base 5) to base 9.
-20730
Convert 329 (base 14) to base 13.
391
What is -515543 (base 6) in base 8?
-120767
-10562 (base 7) to base 4
-222002
What is 40053 (base 7) in base 2?
10010110101010
What is -469 (base 11) in base 13?
-340
1333 (base 7) to base 10
514
What is -1ba6 (base 12) in base 6?
-23530
Convert 3430341 (base 5) to base 12.
2b602
289ba (base 12) to base 10
56734
Convert 605 (base 8) to base 6.
1445
7cb1 (base 13) to base 7
102112
-2ef (base 16) to base 9
-1024
Convert -993 (base 15) to base 2.
-100001110011
Convert 12333 (base 4) to base 11.
377
What is -302133 (base 5) in base 10?
-9668
6e (base 16) to base 15
75
-415 (base 10) to base 9
-511
What is 224032 (base 5) in base 12?
4781
5353 (base 8) to base 9
3745
What is -935 (base 11) in base 5?
-14002
What is 2c3b (base 15) in base 3?
111001002
-815 (base 10) to base 6
-3435
What is -1012001010 (base 3) in base 6?
-300050
-2089 (base 13) to base 12
-2737
255 (base 16) to base 5
4342
What is -22c (base 13) in base 6?
-1424
What is 1081 (base 11) in base 15?
64a
110 (base 6) to base 11
39
Convert 6e3 (base 15) to base 14.
7d9
-7450 (base 8) to base 9
-5281
2142 (base 11) to base 10
2829
What is 48 (base 9) in base 14?
32
What is 121353 (base 6) in base 9?
15636
375 (base 11) to base 5
3240
Convert -10e9 (base 15) to base 3.
-11221010
Convert -8be (base 16) to base 15.
-9e3
155324 (base 6) to base 2
11110001100100
What is 113a (base 15) in base 14?
1491
Convert -13223 (base 4) to base 2.
-111101011
129 (base 15) to base 10
264
359 (base 13) to base 11
489
Convert 1b9e (base 16) to base 12.
4112
47cb (base 13) to base 3
111220111
What is 5d14 (base 14) in base 11?
11266
Convert 23103 (base 6) to base 3.
11111110
What is -1111100110 (base 2) in base 14?
-514
Convert 323303 (base 4) to base 15.
1202
-5411 (base 6) to base 11
-a1a
1220001 (base 3) to base 5
21003
-1567 (base 9) to base 4
-102223
Convert -204 (base 9) to base 14.
-bc
What is 10a1 (base 16) in base 11?
3220
What is 53 (base 15) in base 8?
116
-330 (base 9) to base 10
-270
Convert -116 (base 12) to base 13.
-c6
-8286 (base 12) to base 15
-4329
684 (base 10) to base 5
10214
Convert -5bb (base 13) to base 7.
-2625
Convert -100100101101111 (base 2) to base 12.
-aa67
Convert 2020202 (base 4) to base 10.
8738
34354 (base 6) to base 14
1ad8
What is 1022 (base 10) in base 16?
3fe
Convert -11520 (base 6) to base 9.
-2303
Convert -56059 (base 10) to base 6.
-1111311
74a (base 13) to base 15
580
-eb (base 15) to base 9
-265
What is -46258 (base 9) in base 15?
-9208
Convert ba (base 13) to base 6.
413
Convert 4a44 (base 13) to base 11.
7a07
What is -4754 (base 8) in base 12?
-1578
Convert -221443 (base 5) to base 2.
-1111001000100
Convert 366 (base 7) to base 13.
120
Convert -2020201 (base 3) to base 16.
-667
Convert 4a7 (base 12) to base 3.
222001
9c6 (base 13) to base 4
122103
What is -14211 (base 5) in base 4?
-102131
What is -10310 (base 5) in base 13?
-423
What is -14774 (base 11) in base 7?
-114625
644 (base 7) to base 5
2301
113653 (base 7) to base 14
76d3
1244 (base 11) to base 2
11001010101
What is -1c55 (base 14) in base 6?
-35535
What is -12320 (base 7) in base 14?
-1280
Convert -1d30 (base 15) to base 13.
-2b71
Convert 665 (base 7) to base 4.
11111
Convert -49c (base 16) to base 11.
-983
What is 3121 (base 4) in base 6?
1001
What is -13321200 (base 4) in base 10?
-32352
-202021220 (base 3) to base 15
-45b3
Convert 74 (base 8) to base 3.
2020
Convert -17297 (base 13) to base 16.
-ad72
Convert 140253 (base 6) to base 8.
31411
-2469 (base 12) to base 10
-4113
What is -64b (base 16) in base 15?
-726
What is 2510 (base 7) in base 11?
783
Convert -41334 (base 9) to base 7.
-142303
1011001011001 (base 2) to base 10
5721
What is 12660 (base 8) in base 6?
41412
What is 203013 (base 5) in base 8?
14751
cc5 (base 16) to base 13
1646
357 (base 9) to base 7
601
What is b7 (base 15) in base 8?
254
Convert 1a265 (base 12) to base 14.
ddb7
980 (base 14) to base 5
30001
What is -324 (base 11) in base 9?
-472
Convert -77d (base 15) to base 5.
-23233
-3033 (base 5) to base 14
-201
What is -5605 (base 8) in base 12?
-1859
What is -230210 (base 4) in base 8?
-5444
What is 1111000101010111 (base 2) in base 6?
1154011
What is -83e (base 16) in base 8?
-4076
What is -10001010001011 (base 2) in base 11?
-670a
What is 24241 (base 5) in base 15?
816
Convert 3085 (base 10) to base 7.
11665
Convert -2441 (base 16) to base 2.
-10010001000001
-c146 (base 15) to base 12
-1b733
What is bb7 (base 12) in base 16?
6bb
-31431 (base 5) to base 3
-2220101
What is -3014 (base 5) in base 6?
-1440
Convert -2123 (base 4) to base 13.
-bc
-1560 (base 13) to base 7
-12045
Convert -3178 (base 9) to base 11.
-1837
Convert 1333202 (base 4) to base 16.
1fe2
63a (base 12) to base 2
1110001110
Convert 1120 (base 9) to base 13.
4b9
Convert -1570 (base 9) to base 11.
-999
Convert 56a (base 11) to base 3.
221020
3032 (base 4) to base 14
10a
What is 1011010100 (base 2) in base 10?
724
7feb (base 16) to base 4
13333223
1617 (base 12) to base 2
101000110011
What is -d64 (base 15) in base 7?
-11542
Convert 5b77 (base 13) to base 5.
403232
Convert -12 (base 3) to base 12.
-5
Convert 1433 (base 5) to base 3.
100000
Convert -355 (base 8) to base 7.
-456
What is -121222021 (base 3) in base 2?
-11000001010101
What is -1906 (base 12) in base 6?
-22010
1022 (base 8) to base 14
29c
1110 (base 6) to base 7
516
-78a1 (base 11) to base 2
-10100010011100
Convert -33160 (base 7) to base 5.
-231243
d80 (base 14) to base 7
10520
Convert -1101010000010 (base 2) to base 11.
-510a
Convert -737 (base 13) to base 4.
-103031
Convert 52425 (base 6) to base 3.
100200222
What is 1680 (base 13) in base 15?
eb0
664 (base 12) to base 5
12230
101100111 (base 2) to base 5
2414
What is -1311 (base 9) in base 15?
-457
Convert -231 (base 15) to base 8.
-760
What is 1642 (base 8) in base 5?
12210
1434 (base 6) to base 10
382
Convert 102313 (base 5) to base 8.
6602
What is 11215 (base 8) in base 6?
33553
-344 (base 12) to base 10
-484
Convert -5383 (base 13) to base 12.
-6867
1836 (base 12) to base 15
cec
Convert 1601 (base 8) to base 14.
481
Convert 1045 (base 8) to base 9.
670
25665 (base 7) to base 2
1101011001010
3b4 (base 14) to base 11
619
Convert -122112012 (base 3) to base 11.
-9665
Convert 914 (base 10) to base 4.
32102
What is -301 (base 10) in base 16?
-12d
-64b8 (base 12) to base 11
-8367
What is d88 (base 15) in base 6?
22045
What is 433 (base 13) in base 6?
3154
Convert -1404 (base 6) to base 14.
-1c0
What is -1627 (base 13) in base 10?
-3244
Convert a94 (base 13) to base 16.
713
What is -2054 (base 12) in base 11?
-2710
Convert 1ac (base 15) to base 6.
1443
Convert -515 (base 8) to base 2.
-101001101
-a1b 